9543
What are the prime factors of 215566785?
3, 5, 7, 228113
List the prime factors of 206428865.
5, 41285773
List the prime factors of 88953590.
2, 5, 11, 83, 9743
List the prime factors of 7063601.
7063601
What are the prime factors of 6630280726?
2, 3315140363
What are the prime factors of 3979480?
2, 5, 99487
List the prime factors of 797224303.
31, 2609, 9857
List the prime factors of 37421423.
13, 569, 5059
List the prime factors of 27713362.
2, 19, 47, 59, 263
What are the prime factors of 1617507408?
2, 3, 11, 3063461
What are the prime factors of 26481554?
2, 11, 19, 63353
What are the prime factors of 98612061?
3, 32870687
List the prime factors of 13668216.
2, 3, 137, 4157
List the prime factors of 896870575.
5, 5821, 6163
What are the prime factors of 311663134?
2, 59, 73, 97, 373
What are the prime factors of 73041648?
2, 3, 397, 3833
List the prime factors of 730286323.
13, 17, 29, 113947
What are the prime factors of 55355648?
2, 216233
List the prime factors of 85833767.
67, 1281101
What are the prime factors of 50041631?
383, 130657
List the prime factors of 100792230.
2, 3, 5, 7, 11, 43633
What are the prime factors of 517558693?
17, 223, 136523
What are the prime factors of 60993821?
7, 8713403
What are the prime factors of 201273571?
2707, 74353
List the prime factors of 5340336094.
2, 2670168047
What are the prime factors of 124598949?
3, 881, 47143
What are the prime factors of 34863832?
2, 1321, 3299
What are the prime factors of 388297052?
2, 11, 13, 43, 15787
What are the prime factors of 11637278?
2, 59, 98621
List the prime factors of 69038096.
2, 19, 29, 41, 191
What are the prime factors of 274419781?
31, 8852251
List the prime factors of 101058364.
2, 11, 2296781
List the prime factors of 142734412.
2, 23, 101, 15361
What are the prime factors of 192372981?
3, 59, 257, 4229
List the prime factors of 1045168749.
3, 239, 485899
What are the prime factors of 251043781?
23, 367, 29741
What are the prime factors of 56624009?
13, 19, 229247
List the prime factors of 259689343.
23, 503, 22447
List the prime factors of 22696486.
2, 11348243
List the prime factors of 60577013.
7, 8653859
What are the prime factors of 1338838571?
7, 31, 6169763
List the prime factors of 133182476.
2, 7, 19, 250343
What are the prime factors of 60947820?
2, 3, 5, 19, 71, 251
What are the prime factors of 5002883968?
2, 39085031
List the prime factors of 742896397.
37, 83, 241907
What are the prime factors of 74716943?
7, 491, 21739
What are the prime factors of 14480108?
2, 941, 3847
What are the prime factors of 2092533189?
3, 697511063
What are the prime factors of 2499088268?
2, 624772067
What are the prime factors of 129403586?
2, 13, 4977061
What are the prime factors of 3327543084?
2, 3, 71, 1181, 3307
What are the prime factors of 37752826?
2, 73, 258581
What are the prime factors of 2200501253?
2200501253
What are the prime factors of 5597276945?
5, 13, 17, 5065409
List the prime factors of 714648226.
2, 23, 15535831
What are the prime factors of 48851200?
2, 5, 17, 449
List the prime factors of 89971171.
3643, 24697
List the prime factors of 265320247.
265320247
List the prime factors of 1525189.
17, 73, 1229
List the prime factors of 54247510.
2, 5, 17, 41, 43, 181
List the prime factors of 41613685.
5, 8322737
List the prime factors of 16683560.
2, 5, 417089
List the prime factors of 141875978.
2, 211, 336199
What are the prime factors of 89990732?
2, 13, 1730591
What are the prime factors of 28543279?
29, 89, 11059
List the prime factors of 430897455.
3, 5, 331, 9643
What are the prime factors of 73180360?
2, 5, 11, 166319
List the prime factors of 171933419.
7, 887, 27691
What are the prime factors of 84636245?
5, 16927249
What are the prime factors of 36382072?
2, 67, 103, 659
List the prime factors of 3305802805.
5, 43, 15375827
List the prime factors of 1646665545.
3, 5, 7, 1223, 12823
List the prime factors of 51471089.
51471089
What are the prime factors of 478101211?
7, 68300173
List the prime factors of 53556324.
2, 3, 17, 15443
List the prime factors of 18153746.
2, 13, 229, 3049
List the prime factors of 3718869678.
2, 3, 23, 31, 96589
List the prime factors of 2970513958.
2, 16111, 92189
List the prime factors of 31287058.
2, 11, 43, 33073
List the prime factors of 564577155.
3, 5, 1471, 2843
List the prime factors of 1919174603.
18329, 104707
List the prime factors of 345124011.
3, 1667, 69011
What are the prime factors of 891376246?
2, 5153, 86491
What are the prime factors of 4557094?
2, 769, 2963
List the prime factors of 683119778.
2, 11, 41, 569
What are the prime factors of 191784240?
2, 3, 5, 88789
What are the prime factors of 442412721?
3, 449, 109481
What are the prime factors of 2694233417?
2694233417
What are the prime factors of 46574597?
46574597
What are the prime factors of 86559648?
2, 3, 7, 17, 7577
What are the prime factors of 3052445874?
2, 3, 19, 23, 499, 2333
List the prime factors of 386577549.
3, 14317687
List the prime factors of 81267069.
3, 13, 2083771
List the prime factors of 1995894790.
2, 5, 199589479
List the prime factors of 365836909.
365836909
List the prime factors of 23301149.
3677, 6337
List the prime factors of 64915226.
2, 2309, 14057
List the prime factors of 3916759.
7, 11, 50867
List the prime factors of 83991552.
2, 3, 19, 1439
What are the prime factors of 232398947?
11, 41, 67, 7691
What are the prime factors of 17183128?
2, 197, 10903
List the prime factors of 110766020.
2, 5, 5538301
List the prime factors of 757124851.
7, 127, 851659
What are the prime factors of 64127457?
3, 263899
List the prime factors of 8366979.
3, 89, 31337
What are the prime factors of 427114194?
2, 3, 13, 5475823
List the prime factors of 1174442231.
19, 61812749
List the prime factors of 4446792542.
2, 2223396271
List the prime factors of 25969885.
5, 5193977
List the prime factors of 74784589.
11, 19, 179, 1999
List the prime factors of 63810796.
2, 7, 43, 52999
List the prime factors of 458305271.
31, 14784041
List the prime factors of 161238494.
2, 61, 1321627
List the prime factors of 201869319.
3, 19, 29, 97, 1259
List the prime factors of 495465799.
17, 389, 74923
List the prime factors of 529655798.
2, 7, 2251
What are the prime factors of 551107900?
2, 5, 7, 47, 2393
List the prime factors of 308359001.
29, 10633069
What are the prime factors of 1103369?
167, 6607
List the prime factors of 212959760.
2, 5, 13, 23, 29, 307
List the prime factors of 338990550.
2, 3, 5, 2259937
List the prime factors of 59273795.
5, 7, 1693537
What are the prime factors of 438576419?
599, 732181
What are the prime factors of 4407980680?
2, 5, 1543, 71419
List the prime factors of 413071228.
2, 41, 2518727
List the prime factors of 1507682534.
2, 137, 2311, 2381
List the prime factors of 55359441.
3, 6151049
List the prime factors of 349215550.
2, 5, 79, 211, 419
List the prime factors of 260711284.
2, 65177821
List the prime factors of 47746211.
43, 449, 2473
What are the prime factors of 25916113?
25916113
What are the prime factors of 41038154?
2, 20519077
List the prime factors of 228568313.
109, 2096957
List the prime factors of 2271086666.
2, 1135543333
List the prime factors of 916729991.
29, 31611379
List the prime factors of 6686035.
5, 1031, 1297
List the prime factors of 209897488.
2, 47, 279119
What are the prime factors of 199844598?
2, 3, 509, 65437
What are the prime factors of 44363139?
3, 31, 101, 4723
What are the prime factors of 4404160592?
2, 13, 21173849
List the prime factors of 1881069725.
5, 75242789
List the prime factors of 2007574031.
2007574031
What are the prime factors of 803715684?
2, 3, 66976307
List the prime factors of 2290963135.
5, 458192627
List the prime factors of 129022459.
129022459
List the prime factors of 1258692190.
2, 5, 7, 17981317
List the prime factors of 309138078.
2, 3, 23, 97397
What are the prime factors of 1080822255?
3, 5, 72054817
What are the prime factors of 1273603233?
3, 7, 37, 101, 16229
List the prime factors of 650773808.
2, 40673363
List the prime factors of 23116577.
11, 101, 20807
List the prime factors of 2416031517.
3, 17, 47373167
What are the prime factors of 206884131?
3, 37, 71, 26251
What are the prime factors of 36712224?
2, 3